{"id":78338,"date":"2025-09-09T10:47:56","date_gmt":"2025-09-09T10:47:56","guid":{"rendered":"https:\/\/tedbernhardtzgroup.com\/atworkcollectionshop\/product\/product-3\/"},"modified":"2026-04-30T03:16:37","modified_gmt":"2026-04-30T03:16:37","slug":"keps-mesh-wrangler-workwear-8600088eg-8600088eg-8600088eg-8600088eg-8600088eg-8600088eg-8600088eg-8600088eg-8600088eg-8600088eg-8600088eg","status":"publish","type":"product","link":"https:\/\/tedbernhardtzgroup.com\/atworkcollectionshop\/se\/produkt\/keps-mesh-wrangler-workwear-8600088eg-8600088eg-8600088eg-8600088eg-8600088eg-8600088eg-8600088eg-8600088eg-8600088eg-8600088eg-8600088eg\/","title":{"rendered":"Keps Mesh Wrangler Workwear"},"content":{"rendered":"<p><strong>Den h\u00e4r klassiska kepsen fr\u00e5n Wrangler Workwear \u00e4r designad f\u00f6r att ge b\u00e5de stil och funktion \u2013 med meshpaneler som ger ventilation under aktiva dagar.<\/strong><\/p>\r\n<p>Framsidan \u00e4r tillverkad i slitstark bomullstwill som ger struktur och h\u00e5llbarhet, baksidan best\u00e5r av luftig polyestermesh som sl\u00e4pper igenom luft och h\u00e5ller huvudet svalt. Den 6-paneliga konstruktionen med f\u00f6rst\u00e4rkta s\u00f6mmar ger en stabil passform, och det justerbara plastsp\u00e4nnet baktill g\u00f6r att storleken enkelt kan anpassas.<\/p>\r\n<p>Kepsen har en v\u00e4vd logoetikett som f\u00f6rst\u00e4rker den stilrena designen. En unisex-modell som passar lika bra p\u00e5 jobbet som till vardags \u2013 ett praktiskt och bekv\u00e4mt val f\u00f6r dig som vill kombinera funktion med enkel design.<\/p>","protected":false},"excerpt":{"rendered":"Den h\u00e4r klassiska kepsen fr\u00e5n Wrangler Workwear \u00e4r designad f\u00f6r att ge b\u00e5de stil och funktion \u2013 med meshpaneler som ger ventilation under aktiva dagar. Framsidan \u00e4r tillverkad i slitstark bomullstwill som ger struktur och h\u00e5llbarhet, baksidan best\u00e5r av luftig polyestermesh som sl\u00e4pper igenom luft och h\u00e5ller huvudet svalt. Den 6-paneliga konstruktionen med f\u00f6rst\u00e4rkta s\u00f6mmar&#8230;","protected":false},"featured_media":80338,"template":"","meta":[],"product_cat":[35381,35162,5801],"product_tag":[],"acf":[],"lang":"se","translations":{"se":78338,"en":78334},"pll_sync_post":[],"_links":{"self":[{"href":"https:\/\/tedbernhardtzgroup.com\/atworkcollectionshop\/wp-json\/wp\/v2\/product\/78338"}],"collection":[{"href":"https:\/\/tedbernhardtzgroup.com\/atworkcollectionshop\/wp-json\/wp\/v2\/product"}],"about":[{"href":"https:\/\/tedbernhardtzgroup.com\/atworkcollectionshop\/wp-json\/wp\/v2\/types\/product"}],"wp:featuredmedia":[{"embeddable":true,"href":"https:\/\/tedbernhardtzgroup.com\/atworkcollectionshop\/wp-json\/wp\/v2\/media\/80338"}],"wp:attachment":[{"href":"https:\/\/tedbernhardtzgroup.com\/atworkcollectionshop\/wp-json\/wp\/v2\/media?parent=78338"}],"wp:term":[{"taxonomy":"product_cat","embeddable":true,"href":"https:\/\/tedbernhardtzgroup.com\/atworkcollectionshop\/wp-json\/wp\/v2\/product_cat?post=78338"},{"taxonomy":"product_tag","embeddable":true,"href":"https:\/\/tedbernhardtzgroup.com\/atworkcollectionshop\/wp-json\/wp\/v2\/product_tag?post=78338"}],"curies":[{"name":"wp","href":"https:\/\/api.w.org\/{rel}","templated":true}]}}