{"id":73642,"date":"2025-09-09T10:25:36","date_gmt":"2025-09-09T10:25:36","guid":{"rendered":"https:\/\/tedbernhardtzgroup.com\/atworkcollectionshop\/product\/product\/"},"modified":"2026-04-09T20:45:45","modified_gmt":"2026-04-09T20:45:45","slug":"t-shirt-tech-pro-herr-wrangler-workwear-8600031da-8600031da-8600031da-8600031da-8600031da-8600031da","status":"publish","type":"product","link":"https:\/\/tedbernhardtzgroup.com\/atworkcollectionshop\/se\/produkt\/t-shirt-tech-pro-herr-wrangler-workwear-8600031da-8600031da-8600031da-8600031da-8600031da-8600031da\/","title":{"rendered":"T-shirt Pro Tech Herr Wrangler Workwear"},"content":{"rendered":"<p><strong>Designad f\u00f6r l\u00e5nga arbetsdagar och kr\u00e4vande milj\u00f6er kombinerar denna workwear-T-shirt vardaglig slitstyrka med avancerad 37.5\u00ae-teknologi f\u00f6r att h\u00e5lla dig bekv\u00e4m fr\u00e5n start till slut \u2013 med en modern passform.<\/strong><\/p>\r\n<p data-start=\"210\" data-end=\"396\">Materialet arbetar aktivt f\u00f6r att reglera din kroppstemperatur genom att transportera bort fukt innan den blir till svett, vilket hj\u00e4lper dig att h\u00e5lla dig torr och bekv\u00e4m p\u00e5 jobbet.<\/p>\r\n<p data-start=\"398\" data-end=\"848\">Tillverkad i en mjuk trik\u00e5stickning i 100% polyester ger en yta av bomullsk\u00e4nsla den v\u00e4lbekanta k\u00e4nslan av en klassisk T-shirt, med f\u00f6rdelen av snabbtorkande prestanda. Oavsett om du arbetar inomhus eller utomhus anpassar sig materialet efter din aktivitetsniv\u00e5 \u2013 det kyler n\u00e4r tempot \u00f6kar och hj\u00e4lper till att bevara v\u00e4rmen n\u00e4r f\u00f6rh\u00e5llandena f\u00f6r\u00e4ndras. Den mjuka stickkonstruktionen bidrar till l\u00e5ng h\u00e5llbarhet, medan det andningsbara tyget minskar uppbyggnaden av d\u00e5lig lukt \u00f6ver tid.<\/p>\r\n<p data-start=\"850\" data-end=\"1078\">T-shirten \u00e4r designad med en bekv\u00e4m passform f\u00f6r smidigare r\u00f6relsefrihet, en liten Wrangler Workwear-logga p\u00e5 br\u00f6stfickan, och en v\u00e4vd 37.5\u00ae-logga i sids\u00f6mmen. En mjuk nacktejp p\u00e5 insidan motverkar skav fr\u00e5n s\u00f6mmar.<\/p>\r\n<p data-start=\"1080\" data-end=\"1150\" data-is-last-node=\"\" data-is-only-node=\"\">Resultatet \u00e4r ett p\u00e5litligt basplagg som arbetar lika h\u00e5rt som du g\u00f6r.<\/p>\r\n<p data-start=\"1080\" data-end=\"1150\" data-is-last-node=\"\" data-is-only-node=\"\">\u00a0<\/p>","protected":false},"excerpt":{"rendered":"Designad f\u00f6r l\u00e5nga arbetsdagar och kr\u00e4vande milj\u00f6er kombinerar denna workwear-T-shirt vardaglig slitstyrka med avancerad 37.5\u00ae-teknologi f\u00f6r att h\u00e5lla dig bekv\u00e4m fr\u00e5n start till slut \u2013 med en modern passform. Materialet arbetar aktivt f\u00f6r att reglera din kroppstemperatur genom att transportera bort fukt innan den blir till svett, vilket hj\u00e4lper dig att h\u00e5lla dig torr och&#8230;","protected":false},"featured_media":79135,"template":"","meta":[],"product_cat":[35375,35162],"product_tag":[],"acf":[],"lang":"se","translations":{"se":73642,"en":73641},"pll_sync_post":[],"_links":{"self":[{"href":"https:\/\/tedbernhardtzgroup.com\/atworkcollectionshop\/wp-json\/wp\/v2\/product\/73642"}],"collection":[{"href":"https:\/\/tedbernhardtzgroup.com\/atworkcollectionshop\/wp-json\/wp\/v2\/product"}],"about":[{"href":"https:\/\/tedbernhardtzgroup.com\/atworkcollectionshop\/wp-json\/wp\/v2\/types\/product"}],"wp:featuredmedia":[{"embeddable":true,"href":"https:\/\/tedbernhardtzgroup.com\/atworkcollectionshop\/wp-json\/wp\/v2\/media\/79135"}],"wp:attachment":[{"href":"https:\/\/tedbernhardtzgroup.com\/atworkcollectionshop\/wp-json\/wp\/v2\/media?parent=73642"}],"wp:term":[{"taxonomy":"product_cat","embeddable":true,"href":"https:\/\/tedbernhardtzgroup.com\/atworkcollectionshop\/wp-json\/wp\/v2\/product_cat?post=73642"},{"taxonomy":"product_tag","embeddable":true,"href":"https:\/\/tedbernhardtzgroup.com\/atworkcollectionshop\/wp-json\/wp\/v2\/product_tag?post=73642"}],"curies":[{"name":"wp","href":"https:\/\/api.w.org\/{rel}","templated":true}]}}