{"id":73498,"date":"2025-09-09T10:24:15","date_gmt":"2025-09-09T10:24:15","guid":{"rendered":"https:\/\/tedbernhardtzgroup.com\/atworkcollectionshop\/product\/product\/"},"modified":"2026-04-15T03:14:58","modified_gmt":"2026-04-15T03:14:58","slug":"sweatshirt-pro-herr-wrangler-workwear-8600019da-8600019da-8600019da-8600019da-8600019da-8600019da-8600019da-8600019da-8600019da-8600019da-8600019da","status":"publish","type":"product","link":"https:\/\/tedbernhardtzgroup.com\/atworkcollectionshop\/se\/produkt\/sweatshirt-pro-herr-wrangler-workwear-8600019da-8600019da-8600019da-8600019da-8600019da-8600019da-8600019da-8600019da-8600019da-8600019da-8600019da\/","title":{"rendered":"Sweatshirt Pro Herr Wrangler Workwear"},"content":{"rendered":"<p><b>Den h\u00e4r sweatshirten med rund hals i sann heritage-design, \u00e4r tillverkad f\u00f6r att klara arbetsdagens krav- med en perfekt balans mellan komfort och slitstyrka.<\/b><\/p>\r\n<p>Tillverkad i en kraftig men mjuk och h\u00e5llbar mix av 80 % ekologisk bomull (OCS) och 20 % \u00e5tervunnen polyester (RCS), ger den en behaglig k\u00e4nsla mot huden samtidigt som den t\u00e5l daglig anv\u00e4ndning och upprepade tv\u00e4ttar. Med sin 420 g\/m2 loopwheeler-kvalitet har tyget en stabil och f\u00f6ljsam k\u00e4nsla som passar b\u00e5de till jobbet och till vardags. Den borstade insidan h\u00e5ller kvar v\u00e4rmen och k\u00e4nns sk\u00f6nt mot huden, medan den t\u00e5liga robusta utsidan skyddar mot n\u00f6tning, revor och slitage.<\/p>\r\n<p>Tr\u00f6jan \u00e4r designad med en Wrangler Workwear logo broderad fram p\u00e5 br\u00f6stet, har en bekv\u00e4m passform, ett ribbstickat material i sidorna f\u00f6r smidigare r\u00f6relsefrihet och tv\u00e5 inf\u00e4llda sidofickor med dragkedja p\u00e5 framsidan med en v\u00e4vd Wrangler Workwear logo-etikett. P\u00e5 insidan vid nacken \u00e4r det ett mjukt band fastsytt f\u00f6r att skydda huden mot skav ifr\u00e5n s\u00f6mmar.\u00a0<\/p>\r\n<p>Resultatet \u00e4r ett ansvarsfullt producerad plagg som kombinerar komfort, h\u00e5llbarhet och funktion \u2013 framtagen f\u00f6r ett aktivt arbetsliv.<\/p>","protected":false},"excerpt":{"rendered":"Den h\u00e4r sweatshirten med rund hals i sann heritage-design, \u00e4r tillverkad f\u00f6r att klara arbetsdagens krav- med en perfekt balans mellan komfort och slitstyrka. Tillverkad i en kraftig men mjuk och h\u00e5llbar mix av 80 % ekologisk bomull (OCS) och 20 % \u00e5tervunnen polyester (RCS), ger den en behaglig k\u00e4nsla mot huden samtidigt som den&#8230;","protected":false},"featured_media":79080,"template":"","meta":[],"product_cat":[35365,35162,6189],"product_tag":[],"acf":[],"lang":"se","translations":{"se":73498,"en":73497},"pll_sync_post":[],"_links":{"self":[{"href":"https:\/\/tedbernhardtzgroup.com\/atworkcollectionshop\/wp-json\/wp\/v2\/product\/73498"}],"collection":[{"href":"https:\/\/tedbernhardtzgroup.com\/atworkcollectionshop\/wp-json\/wp\/v2\/product"}],"about":[{"href":"https:\/\/tedbernhardtzgroup.com\/atworkcollectionshop\/wp-json\/wp\/v2\/types\/product"}],"wp:featuredmedia":[{"embeddable":true,"href":"https:\/\/tedbernhardtzgroup.com\/atworkcollectionshop\/wp-json\/wp\/v2\/media\/79080"}],"wp:attachment":[{"href":"https:\/\/tedbernhardtzgroup.com\/atworkcollectionshop\/wp-json\/wp\/v2\/media?parent=73498"}],"wp:term":[{"taxonomy":"product_cat","embeddable":true,"href":"https:\/\/tedbernhardtzgroup.com\/atworkcollectionshop\/wp-json\/wp\/v2\/product_cat?post=73498"},{"taxonomy":"product_tag","embeddable":true,"href":"https:\/\/tedbernhardtzgroup.com\/atworkcollectionshop\/wp-json\/wp\/v2\/product_tag?post=73498"}],"curies":[{"name":"wp","href":"https:\/\/api.w.org\/{rel}","templated":true}]}}