{"id":51694,"date":"2019-04-30T09:30:56","date_gmt":"2019-04-30T09:30:56","guid":{"rendered":"https:\/\/tedbernhardtzgroup.com\/atworkcollectionshop\/?post_type=product&#038;p=51694"},"modified":"2026-04-04T03:12:36","modified_gmt":"2026-04-04T03:12:36","slug":"blazer-herr-victor-501115078","status":"publish","type":"product","link":"https:\/\/tedbernhardtzgroup.com\/atworkcollectionshop\/se\/produkt\/blazer-herr-victor-501115078\/","title":{"rendered":"Blazer herr Victor- KAMPANJ"},"content":{"rendered":"<p>Victor \u00e4r en slim fit blazer i gr\u00e5 virgin ullmix fr\u00e5n Ted Bernhardtz At Work. Kavajen har en smal passform och en avslappnad look med tydlig struktur i v\u00e4ven. Kavajen \u00e4r enkelkn\u00e4ppt med tv\u00e5 kontrastf\u00e4rgade knappar fram och tv\u00e5 slitsar bak. Kavajen har prickstickningar p\u00e5 krage, slag, de p\u00e5stickade fickorna fram och br\u00f6stfickan med passpoal samt \u00f6vriga l\u00e5nga s\u00f6mmar. Kavajen \u00e4r halvfodrad med kontrastf\u00e4rgat \u00e4rmfoder i vitt med svart rand och har tv\u00e5 innerfickor.<\/p>\r\n<p>Matcha med herrchino Lucas f\u00f6r en casual look.<\/p>\r\n<p class=\"p1\">Utg\u00e5ende artikel<\/p>","protected":false},"excerpt":{"rendered":"Victor \u00e4r en slim fit blazer i gr\u00e5 virgin ullmix fr\u00e5n Ted Bernhardtz At Work. Kavajen har en smal passform och en avslappnad look med tydlig struktur i v\u00e4ven. Kavajen \u00e4r enkelkn\u00e4ppt med tv\u00e5 kontrastf\u00e4rgade knappar fram och tv\u00e5 slitsar bak. Kavajen har prickstickningar p\u00e5 krage, slag, de p\u00e5stickade fickorna fram och br\u00f6stfickan med passpoal&#8230;","protected":false},"featured_media":52144,"template":"","meta":[],"product_cat":[7076,3636,3676,3708],"product_tag":[],"acf":[],"lang":"se","translations":{"se":51694,"en":50565},"pll_sync_post":[],"_links":{"self":[{"href":"https:\/\/tedbernhardtzgroup.com\/atworkcollectionshop\/wp-json\/wp\/v2\/product\/51694"}],"collection":[{"href":"https:\/\/tedbernhardtzgroup.com\/atworkcollectionshop\/wp-json\/wp\/v2\/product"}],"about":[{"href":"https:\/\/tedbernhardtzgroup.com\/atworkcollectionshop\/wp-json\/wp\/v2\/types\/product"}],"wp:featuredmedia":[{"embeddable":true,"href":"https:\/\/tedbernhardtzgroup.com\/atworkcollectionshop\/wp-json\/wp\/v2\/media\/52144"}],"wp:attachment":[{"href":"https:\/\/tedbernhardtzgroup.com\/atworkcollectionshop\/wp-json\/wp\/v2\/media?parent=51694"}],"wp:term":[{"taxonomy":"product_cat","embeddable":true,"href":"https:\/\/tedbernhardtzgroup.com\/atworkcollectionshop\/wp-json\/wp\/v2\/product_cat?post=51694"},{"taxonomy":"product_tag","embeddable":true,"href":"https:\/\/tedbernhardtzgroup.com\/atworkcollectionshop\/wp-json\/wp\/v2\/product_tag?post=51694"}],"curies":[{"name":"wp","href":"https:\/\/api.w.org\/{rel}","templated":true}]}}